{"id":71438,"date":"2025-11-18T10:50:14","date_gmt":"2025-11-18T13:50:14","guid":{"rendered":"https:\/\/www.todoelderecho.com.ar\/campus\/?post_type=product&#038;p=71438"},"modified":"2025-11-18T11:15:01","modified_gmt":"2025-11-18T14:15:01","slug":"curso-de-practica-en-responsabilidad-civil","status":"publish","type":"product","link":"https:\/\/www.todoelderecho.com.ar\/campus\/shop\/cursos-y-talleres\/cursos\/curso-de-practica-en-responsabilidad-civil\/","title":{"rendered":"Curso de Pr\u00e1ctica en Responsabilidad Civil"},"content":{"rendered":"<p style=\"text-align: justify;\">El curso est\u00e1 dirigido a profesionales, abogados, estudiantes de Derecho, profesiones a fines y p\u00fablico en general con inter\u00e9s en el Derecho de Da\u00f1os, especialmente qui\u00e9nes quieran adquirir y profundizar conocimientos en cuanto al Derecho de las Obligaciones y Responsabilidad Civil. Se abordar\u00e1 el tema de estudio en forma te\u00f3rica, pr\u00e1ctica y jurisprudencial. Trat\u00e1ndose de una formaci\u00f3n cursada online, el alumno podr\u00e1 adaptar los horarios de trabajo seg\u00fan le sea m\u00e1s eficaz. Podr\u00e1s acceder, descargar e imprimir tanto los contenidos del curso como el material de estudio complementario que ponemos a disposici\u00f3n de los alumnos las 24hs, desde cualquier computadora con conexi\u00f3n a internet.<\/p>\n<p style=\"text-align: justify;\">Modalidad:<br \/>\nOn-line mediante el uso de una plataforma tecnol\u00f3gica de \u00faltima generaci\u00f3n. El curso tiene 4 m\u00f3dulos en formato texto, es de autoaprendizaje y se realiza por internet. Los participantes podr\u00e1n conectarse cuando deseen sin restricciones de d\u00edas ni horarios. El alumno tendr\u00e1 acceso al material de estudio y a las actividades que podr\u00e1 utilizar desde su computadora, bajarlo o imprimirlo. La capacitaci\u00f3n se realiza de manera autoevaluativa y las actividades se autocorrigen. Con la finalizaci\u00f3n del \u00faltimo m\u00f3dulo el alumno podr\u00e1 solicitar su certificado de participaci\u00f3n y lo recibir\u00e1 en formato digital por correo electr\u00f3nico.<\/p>\n<p>Material de estudio:<br \/>\nPonemos a disposici\u00f3n de los alumnos fallos, legislaci\u00f3n y modelos de escritos para el ejercicio profesional.<\/p>\n<p style=\"text-align: justify;\" align=\"JUSTIFY\">Medios de pago:<br \/>\nArancel del curso completo: $12900 pesos finales<br \/>\nPagoFacil \u2013 Tarjeta de cr\u00e9dito y\/o d\u00e9bito \u2013 Transferencia electr\u00f3nica \u2013 Dep\u00f3sito bancario.<\/p>\n<p align=\"JUSTIFY\"><strong>PROGRAMA DEL CURSO<\/strong><\/p>\n<p align=\"JUSTIFY\"><strong>M\u00f3dulo I<\/strong><\/p>\n<p>DA\u00d1O MORALPOR INCAPACIDAD<br \/>\nConcepto. Regulaci\u00f3n normativa. Legitimaci\u00f3n activa. Cuantificaci\u00f3n del da\u00f1o moral. Alcance de la reparaci\u00f3n. Jurisprudencia<br \/>\nMODELO DE ESCRITO DE DEMANDA<br \/>\nMODELO DE ESCRITO DE CONTESTACI\u00d3N DE DEMANDA<br \/>\nPOR MUERTE. Concepto. Regulaci\u00f3n normativa. Legitimaci\u00f3n activa. Cuantificaci\u00f3n del da\u00f1o moral. Alcance de la reparaci\u00f3n. Jurisprudencia<br \/>\nMODELO DE ESCRITO DE DEMANDA<br \/>\nMODELO DE ESCRITO DE CONTESTACI\u00d3N DE DEMANDA<br \/>\nPOR DA\u00d1OS A LA VIVIENDA. Concepto. Jurisprudencia<br \/>\nMODELO DE ESCRITO DE DEMANDA<br \/>\nMODELO DE ESCRITO DE CONTESTACI\u00d3N DE DEMANDA<br \/>\nRESPONSABILIDAD POR FALTA DE RECONOCIMIENTO DE HIJO<br \/>\nDA\u00d1O MATERIAL<br \/>\nREPARACI\u00d3N DEL VEH\u00cdCULO. PRIVACI\u00d3N DE USO<br \/>\nDESVALORIZACI\u00d3N VENAL<br \/>\nMODELO DE ESCRITO DE DEMANDA<br \/>\nMODELO DE ESCRITO DE CONTESTACI\u00d3N DE DEMANDA<br \/>\nGASTOS FARMAC\u00c9UTICOS Y TERAP\u00c9UTICOS. Introducci\u00f3n. Jurisprudencia<br \/>\nMODELO DE ESCRITO DE DEMANDA<br \/>\nMODELO DE ESCRITO DE CONTESTACI\u00d3N DE DEMANDA<br \/>\nLUCRO CESANTE POR INCAPACIDAD (LUCRO CESANTE PASADO Y FUTURO). Introducci\u00f3n<br \/>\nMODELO DE ESCRITO DE DEMANDA<br \/>\nRegulaci\u00f3n normativa. Legitimaci\u00f3n activa. Cuantificaci\u00f3n del da\u00f1o moral. Alcance de la reparaci\u00f3n. Jurisprudencia<br \/>\nMODELO DE ESCRITO DE DEMANDA<br \/>\nMODELO DE ESCRITO DE CONTESTACI\u00d3N DE DEMANDA<br \/>\nDA\u00d1O AL INTER\u00c9S NEGATIVO. Introducci\u00f3n. Jurisprudencia<br \/>\nMODELO DE ESCRITO DE DEMANDA<br \/>\nMODELO DE ESCRITO DE CONTESTACI\u00d3N DE DEMANDA<\/p>\n<p><strong>M\u00f3dulo II<br \/>\n<\/strong>RESPONSABILIDAD POR EL HECHO DE OTROS<br \/>\nRESPONSABILIDAD DEL PRINCIPAL POR EL HECHO DEL DEPENDIENTE. Introducci\u00f3n. Jurisprudencia.<br \/>\nMODELO DE ESCRITO DE DEMANDA<br \/>\nMODELO DE ESCRITO DE CONTESTACI\u00d3N DE DEMANDA<br \/>\nRESPONSABILIDAD DE LOS PADRES POR LOS HECHOS DE LOS HIJOS. Introducci\u00f3n. Jurisprudencia<br \/>\nMODELO DE ESCRITO DE DEMANDA<br \/>\nMODELO DE ESCRITO DE CONTESTACI\u00d3N DE DEMANDA<br \/>\nRESPONSABILIDAD DE OTRAS PERSONAS ENCARGADAS: DELEGADOS EN EL EJERCICIO DE LA RESPONSABILIDAD PARENTAL. TUTORES Y CURADORES. Introducci\u00f3n. Jurisprudencia<br \/>\nMODELO DE ESCRITO DE DEMANDA<br \/>\nMODELO DE ESCRITO DE CONTESTACI\u00d3N DE DEMANDA.<br \/>\nRESPONSABILIDAD DE ESTABLECIMIENTOS EDUCACIONALES. Introducci\u00f3n. Jurisprudencia<br \/>\nMODELO DE ESCRITO DE DEMANDA<br \/>\nMODELO DE ESCRITO DE CONTESTACI\u00d3N DE DEMANDA<br \/>\nRESPONSABILIDAD POR EL HECHO DE LAS COSAS<br \/>\nRESPONSABILIDAD POR DA\u00d1OS CAUSADOS POR ANIMALES. Introducci\u00f3n<br \/>\nMODELO DE ESCRITO DE DEMANDA<br \/>\nMODELO DE ESCRITO DE CONTESTACI\u00d3N DE DEMANDA<br \/>\nACCIDENTES DE TR\u00c1NSITO ENTRE VEH\u00cdCULOS AUTOMOTORES. Introducci\u00f3n<br \/>\nMODELO DE ESCRITO DE DEMANDA<br \/>\nMODELO DE ESCRITO DE CONTESTACI\u00d3N DE DEMANDA<br \/>\nACCIDENTES ENTRE VEH\u00cdCULOS Y PEATONES. Introducci\u00f3n<br \/>\nMODELO DE ESCRITO DE DEMANDA<br \/>\nMODELO DE ESCRITO DE CONTESTACI\u00d3N DE DEMANDA<br \/>\nACCIDENTES FERROVIARIOS. Introducci\u00f3n. Jurisprudencia<br \/>\nMODELO DE ESCRITO DE DEMANDA<br \/>\nMODELO DE ESCRITO DE CONTESTACI\u00d3N DE DEMANDA<br \/>\nRESPONSABILIDAD POR ACTIVIDADES RIESGOSAS. Introducci\u00f3n. Jurisprudencia<br \/>\nMODELO DE ESCRITO DE DEMANDA<br \/>\nMODELO DE ESCRITO DE CONTESTACI\u00d3N DE DEMANDA<\/p>\n<p><strong>M\u00f3dulo III<br \/>\n<\/strong>RESPONSABILIDAD DEL M\u00c9DICO. Introducci\u00f3n. Jurisprudencia<br \/>\nMODELO DE ESCRITO DE DEMANDA<br \/>\nMODELO DE ESCRITO DE CONTESTACI\u00d3N DE DEMANDA<br \/>\nCIRUG\u00cdA EST\u00c9TICA. Introducci\u00f3n. Jurisprudencia<br \/>\nMODELO DE ESCRITO DE DEMANDA<br \/>\nMODELO DE ESCRITO DE CONTESTACI\u00d3N DE DEMANDA<br \/>\nM\u00c9DICO TRAUMAT\u00d3LOGO<br \/>\nERROR DE DIAGN\u00d3STICO. Introducci\u00f3n. Jurisprudencia<br \/>\nMODELO DE ESCRITO DE DEMANDA<br \/>\nMODELO DE ESCRITO DE CONTESTACI\u00d3N DE DEMANDA<br \/>\nRESPONSABILIDAD DE LAS ENTIDADES M\u00c9DICAS. Introducci\u00f3n. Jurisprudencia<br \/>\nMODELO DE ESCRITO DE DEMANDA<br \/>\nMODELO DE ESCRITO DE CONTESTACI\u00d3N DE DEMANDA<br \/>\nRESPONSABILIDAD POR INFECCIONES INTRAHOSPITALARIAS. Introducci\u00f3n. Jurisprudencia<br \/>\nMODELO DE ESCRITO DE DEMANDA<br \/>\nMODELO DE ESCRITO DE CONTESTACI\u00d3N DE DEMANDA<br \/>\nRESPONSABILIDAD DE LAS OBRAS SOCIALES Y EMPRESAS DE MEDICINA PREPAGA. Introducci\u00f3n. Jurisprudencia<br \/>\nMODELO DE ESCRITO DE DEMANDA<br \/>\nMODELO DE ESCRITO DE CONTESTACI\u00d3N DE DEMANDA<br \/>\nRESPONSABILIDAD DE LAS OBRAS SOCIALES Y ENTIDADES DE MEDICINA PREPAGA. SISTEMA ABIERTO DE ELECCI\u00d3N DE PROFESIONALES POR EL ADHERENTE. Introducci\u00f3n. Jurisprudencia<br \/>\nMODELO DE ESCRITO DE DEMANDA<br \/>\nMODELO DE ESCRITO DE CONTESTACI\u00d3N DE DEMANDA<br \/>\nRESPONSABILIDAD DE LOS ESCRIBANOS. Introducci\u00f3n<br \/>\nJurisprudencia<br \/>\nMODELO DE ESCRITO DE DEMANDA<br \/>\nMODELO DE ESCRITO DE CONTESTACI\u00d3N DE DEMANDA<br \/>\nRESPONSABILIDAD DE LOS PROFESIONALES DE CIENCIAS ECON\u00d3MICAS. Introducci\u00f3n. Jurisprudencia<br \/>\nMODELO DE ESCRITO DE DEMANDA<br \/>\nMODELO DE ESCRITO DE CONTESTACI\u00d3N DE DEMANDA<br \/>\nRESPONSABILIDAD DE LOS ABOGADOS<br \/>\nP\u00c9RDIDA DEL JUICIO POR DESERCI\u00d3N DE LA INSTANCIA. Introducci\u00f3n. Jurisprudencia<br \/>\nMODELO DE ESCRITO DE DEMANDA<br \/>\nMODELO DE ESCRITO DE CONTESTACI\u00d3N DE DEMANDA<br \/>\nRESPONSABILIDAD DE LOS ABOGADOS. Introducci\u00f3n. Jurisprudencia<br \/>\nMODELO DE ESCRITO DE DEMANDA<br \/>\nMODELO DE ESCRITO DE CONTESTACI\u00d3N DE DEMANDA<\/p>\n<p>&nbsp;<\/p>\n<p><strong>M\u00f3dulo IV<br \/>\n<\/strong>RESPONSABILIDAD EN EL DERECHO DEL CONSUMO<br \/>\nRESPONSABILIDAD DE LAS EMPRESAS CONCESIONARIAS DE PEAJE. Introducci\u00f3n. Jurisprudencia<br \/>\nMODELO DE ESCRITO DE DEMANDA<br \/>\nMODELO DE ESCRITO DE CONTESTACI\u00d3N DE DEMANDA<br \/>\nRESPONSABILIDAD EN EL DERECHO DEL CONSUMIDOR<br \/>\nRESPONSABILIDAD POR PRODUCTOS \u2013 DA\u00d1O PUNITIVO. Introducci\u00f3n. Responsabilidad por productos. Da\u00f1os punitivos. Jurisprudencia<br \/>\nMODELO DE ESCRITO DE DEMANDA<br \/>\nMODELO DE ESCRITO DE CONTESTACI\u00d3N DE DEMANDA<br \/>\nRESPONSABILIDAD DEL ORGANIZADOR DE ESPECT\u00c1CULOS DEPORTIVOS. Introducci\u00f3n. Jurisprudencia<br \/>\nMODELO DE ESCRITO DE DEMANDA<br \/>\nMODELO DE ESCRITO DE CONTESTACI\u00d3N DE DEMANDA<br \/>\nDA\u00d1OS EN LAS RELACIONES FAMILIARES: NULIDAD MATRIMONIAL<br \/>\nRESPONSABILIDAD DE ENTIDADES FINANCIERAS<br \/>\nINCLUSI\u00d3N INCORRECTA EN BASE DE DATOS. Introducci\u00f3n. Jurisprudencia<br \/>\nMODELO DE ESCRITO DE DEMANDA<br \/>\nMODELO DE ESCRITO DE CONTESTACI\u00d3N DE DEMANDA<br \/>\nPOR HURTO O ROBO DE CAJAS DE SEGURIDAD. Introducci\u00f3n. Jurisprudencia<br \/>\nMODELO DE ESCRITO DE DEMANDA. Jurisprudencia<br \/>\nMODELO DE ESCRITO DE DEMANDA<br \/>\nMODELO DE ESCRITO DE CONTESTACI\u00d3N DE DEMANDA<br \/>\nEXIMENTES DE RESPONSABILIDAD<br \/>\nAUSENCIA DE CULPA. Introducci\u00f3n. Jurisprudencia<br \/>\nMODELO DE ESCRITO DE DEMANDA<br \/>\nMODELO DE ESCRITO DE CONTESTACION DE DEMANDA<br \/>\nHECHO DE LA V\u00cdCTIMA. Introducci\u00f3n. Jurisprudencia<br \/>\nMODELO DE ESCRITO DE DEMANDA<br \/>\nMODELO DE ESCRITO DE CONTESTACI\u00d3N DE DEMANDA<br \/>\nHECHO DE UN TERCERO. Introducci\u00f3n. Jurisprudencia<br \/>\nMODELO DE ESCRITO DE DEMANDA<br \/>\nCASO FORTUITO O FUERZA MAYOR. Introducci\u00f3n. Jurisprudencia<br \/>\nMODELO DE ESCRITO DE DEMANDA<br \/>\nMODELO DE ESCRITO DE CONTESTACI\u00d3N DE DEMANDA<br \/>\nMODELO DE ESCRITO DE CONTESTACI\u00d3N DE DEMANDA<br \/>\nRECHAZO INCORRECTO DE CHEQUES. Introducci\u00f3n. Jurisprudencia<br \/>\nMODELO DE ESCRITO DE DEMANDA<br \/>\nRESPONSABILIDAD CIVIL POR INCUMPLIMIENTO CONTRACTUAL<br \/>\nRESPONSABILIDAD EN LA COMPRAVENTA: RESOLUCI\u00d3N. Introducci\u00f3n<br \/>\nMODELO DE ESCRITO DE DEMANDA<br \/>\nMODELO DE ESCRITO DE CONTESTACI\u00d3N DE DEMANDA<br \/>\nRESPONSABILIDAD DE LOCATARIO DE COSA. Introducci\u00f3n<br \/>\nMODELO DE ESCRITO DE DEMANDA<br \/>\nMODELO DE ESCRITO DE CONTESTACI\u00d3N DE DEMANDA<br \/>\nLOCACI\u00d3N DE OBRA. Introducci\u00f3n. Jurisprudencia<br \/>\nMODELO DE ESCRITO DE DEMANDA<br \/>\nMODELO DE ESCRITO DE CONTESTACI\u00d3N DE DEMANDA<br \/>\nRESPONSABILIDAD EN EL CONTRATO DE OBRA<br \/>\nMODELO DE ESCRITO DE DEMANDA<br \/>\nMODELO DE ESCRITO DE CONTESTACI\u00d3N DE DEMANDA<br \/>\nRESPONSABILIDAD EN EL CONTRATO DE OBRA: DA\u00d1OS CAUSADOS A VECINOS. Introducci\u00f3n<br \/>\nMODELO DE ESCRITO DE DEMANDA<br \/>\nESCRITO DE PERITO DE CONTESTACI\u00d3N DE DEMANDA<br \/>\nPOR INCUMPLIMIENTO DEL VENDEDOR<br \/>\nRUINA DE LA OBRA. Introducci\u00f3n<br \/>\nACCI\u00d3N PREVENTIVA. Introducci\u00f3n. Jurisprudencia<br \/>\nMODELO DE ESCRITO DE DEMANDA<br \/>\nMODELO DE ESCRITO DE CONTESTACI\u00d3N DE DEMANDA.<\/p>\n<p>*EL MATERIAL DE ESTUDIO BRINDADO COMPRENDE MODELOS DE PR\u00c1CTICA PROFESIONAL.<\/p>\n<p><span style=\"color: #ff0000;\">*Al comprar la inscripci\u00f3n al Curso recibir\u00e1 en su email el link del curso o taller, nombre de usuario y contrase\u00f1a asignado para acceder a las aulas.<\/span><\/p>\n<p style=\"text-align: center;\"><a href=\"https:\/\/www.todoelderecho.com.ar\/campus\/shop\/cursos-y-talleres\/?add-to-cart=71438\">Comprar<\/a><\/p>\n","protected":false},"excerpt":{"rendered":"<p>El curso est\u00e1 dirigido a profesionales, abogados, estudiantes de Derecho, profesiones a fines y p\u00fablico en general qui\u00e9nes quieran adquirir y profundizar conocimientos en cuanto al Derecho de las Obligaciones y Responsabilidad Civil.<\/p>\n","protected":false},"featured_media":71439,"template":"","meta":[],"product_brand":[],"product_cat":[9438,9479],"product_tag":[9484,9457],"class_list":{"0":"post-71438","1":"product","2":"type-product","3":"status-publish","4":"has-post-thumbnail","6":"product_cat-cursos-y-talleres","7":"product_cat-cursos","8":"product_tag-danos-y-perjuicios","9":"product_tag-practica-en-responsabilidad-civil","11":"first","12":"instock","13":"virtual","14":"purchasable","15":"product-type-simple"},"_links":{"self":[{"href":"https:\/\/www.todoelderecho.com.ar\/campus\/wp-json\/wp\/v2\/product\/71438","targetHints":{"allow":["GET"]}}],"collection":[{"href":"https:\/\/www.todoelderecho.com.ar\/campus\/wp-json\/wp\/v2\/product"}],"about":[{"href":"https:\/\/www.todoelderecho.com.ar\/campus\/wp-json\/wp\/v2\/types\/product"}],"wp:featuredmedia":[{"embeddable":true,"href":"https:\/\/www.todoelderecho.com.ar\/campus\/wp-json\/wp\/v2\/media\/71439"}],"wp:attachment":[{"href":"https:\/\/www.todoelderecho.com.ar\/campus\/wp-json\/wp\/v2\/media?parent=71438"}],"wp:term":[{"taxonomy":"product_brand","embeddable":true,"href":"https:\/\/www.todoelderecho.com.ar\/campus\/wp-json\/wp\/v2\/product_brand?post=71438"},{"taxonomy":"product_cat","embeddable":true,"href":"https:\/\/www.todoelderecho.com.ar\/campus\/wp-json\/wp\/v2\/product_cat?post=71438"},{"taxonomy":"product_tag","embeddable":true,"href":"https:\/\/www.todoelderecho.com.ar\/campus\/wp-json\/wp\/v2\/product_tag?post=71438"}],"curies":[{"name":"wp","href":"https:\/\/api.w.org\/{rel}","templated":true}]}}