{"id":73637,"date":"2025-03-19T10:30:53","date_gmt":"2025-03-19T13:30:53","guid":{"rendered":"https:\/\/www.todoelderecho.com.ar\/campus\/?post_type=product&#038;p=145748"},"modified":"2025-06-17T10:18:36","modified_gmt":"2025-06-17T13:18:36","slug":"suscripcion-a-la-biblioteca-juridica-mensual","status":"publish","type":"product","link":"https:\/\/www.todoelderecho.com.ar\/campus\/shop\/biblioteca\/suscripcion-a-la-biblioteca-juridica-mensual\/","title":{"rendered":"$9900 &#8211; Suscripci\u00f3n mensual a la Biblioteca Jur\u00eddica"},"content":{"rendered":"<h1 style=\"color: #333333; padding-left: 30px; text-align: justify;\"><strong><span style=\"color: #333399;\">ACCEDA A TODOS LOS DOCUMENTOS<\/span><\/strong><strong><span style=\"color: #333399;\">\u00a0<a href=\"https:\/\/www.mercadopago.com.ar\/subscriptions\/checkout?preapproval_plan_id=2c9380848fde7fa4018fefd649060661\"><img decoding=\"async\" class=\"alignnone wp-image-84785 size-full\" src=\"https:\/\/www.escritosjuridicos.com\/wp-content\/uploads\/2023\/02\/comprar.png\" alt=\"\" width=\"101\" height=\"47\" \/><\/a><\/span><\/strong><\/h1>\n<h3 style=\"color: #333333; padding-left: 30px; text-align: justify;\"><img decoding=\"async\" class=\" wp-image-78394\" src=\"https:\/\/www.escritosjuridicos.com\/wp-content\/uploads\/2021\/07\/vineta_verde.png\" alt=\"\" width=\"20\" height=\"20\" \/> Consulte online\u00a0 m\u00e1s de 65.000 documentos jur\u00eddicos, Legislaci\u00f3n, Jurisprudencia y Modelos de Escritos.<\/h3>\n<h3 style=\"color: #333333; padding-left: 30px; text-align: justify;\"><img decoding=\"async\" class=\" wp-image-78394\" src=\"https:\/\/www.escritosjuridicos.com\/wp-content\/uploads\/2021\/07\/vineta_verde.png\" alt=\"\" width=\"20\" height=\"20\" \/> Jurisprudencia: 40.000 fallos a texto completo\u00a0 del orden Nacional y Provincial emanados de los distintos tribunales del pa\u00eds.<\/h3>\n<h3 style=\"color: #333333; padding-left: 30px; text-align: justify;\"><img decoding=\"async\" class=\" wp-image-78394\" src=\"https:\/\/www.escritosjuridicos.com\/wp-content\/uploads\/2021\/07\/vineta_verde.png\" alt=\"\" width=\"20\" height=\"20\" \/> Legislaci\u00f3n: m\u00e1s de 20.000 normas Nacionales y Provinciales, Leyes, Decretos, Resoluciones.<\/h3>\n<h3 style=\"color: #333333; padding-left: 30px; text-align: justify;\"><img decoding=\"async\" class=\" wp-image-78394\" src=\"https:\/\/www.escritosjuridicos.com\/wp-content\/uploads\/2021\/07\/vineta_verde.png\" alt=\"\" width=\"20\" height=\"20\" \/> Modelos de Escritos: 5.000 modelos referidos a una gran cantidad de temas. Contratos, Cartas Documento, Demandas, Contestaciones, Oficios, Recursos, etc.<\/h3>\n<h3 style=\"color: #333333; padding-left: 30px; text-align: justify;\"><img decoding=\"async\" class=\" wp-image-78394\" src=\"https:\/\/www.escritosjuridicos.com\/wp-content\/uploads\/2021\/07\/vineta_verde.png\" alt=\"\" width=\"20\" height=\"20\" \/> Tendr\u00e1 acceso ilimitado a todos los documentos y a sus actualizaciones por 12 meses corridos.<\/h3>\n<h3 style=\"color: #333333; padding-left: 30px; text-align: justify;\"><img decoding=\"async\" class=\" wp-image-78394\" src=\"https:\/\/www.escritosjuridicos.com\/wp-content\/uploads\/2021\/07\/vineta_verde.png\" alt=\"\" width=\"20\" height=\"20\" \/> Con su nombre de usuario y contrase\u00f1a podr\u00e1 acceder a todos los contenidos disponibles.<\/h3>\n<h3 style=\"padding-left: 30px; text-align: justify;\">*Luego de realizado el pago, recibir\u00e1 un correo electr\u00f3nico con su nombre de usuario, contrase\u00f1a para acceder a la Biblioteca Jur\u00eddica.<\/h3>\n<h3 style=\"padding-left: 30px; text-align: justify;\"><strong>**<\/strong>Precio mensual por usuario con tarjeta de cr\u00e9dito o tarjeta de d\u00e9bito, con renovaci\u00f3n mensual, sin l\u00edmite de permanencia.<\/h3>\n<h1 style=\"color: #333333; padding-left: 30px; text-align: justify;\"><strong><span style=\"color: #333399;\"><a href=\"https:\/\/www.mercadopago.com.ar\/subscriptions\/checkout?preapproval_plan_id=2c9380848fde7fa4018fefd649060661\"><img decoding=\"async\" class=\"wp-image-84785 size-full aligncenter\" src=\"https:\/\/www.escritosjuridicos.com\/wp-content\/uploads\/2023\/02\/comprar.png\" alt=\"\" width=\"101\" height=\"47\" \/><\/a><\/span><\/strong><\/h1>\n","protected":false},"excerpt":{"rendered":"<p>ACCEDA A TODOS LOS DOCUMENTOS\u00a0 Consulte online\u00a0 m\u00e1s de 65.000 documentos jur\u00eddicos, Legislaci\u00f3n, Jurisprudencia y Modelos de Escritos. Jurisprudencia: 40.000 fallos a texto completo\u00a0 del orden Nacional y Provincial emanados de los distintos tribunales del pa\u00eds. Legislaci\u00f3n: m\u00e1s de 20.000 normas Nacionales y Provinciales, Leyes, Decretos, Resoluciones. Modelos de Escritos: &hellip;<\/p>\n","protected":false},"featured_media":73632,"template":"","meta":[],"product_brand":[],"product_cat":[9524],"product_tag":[],"class_list":{"0":"post-73637","1":"product","2":"type-product","3":"status-publish","4":"has-post-thumbnail","6":"product_cat-biblioteca","8":"first","9":"instock","10":"featured","11":"virtual","12":"purchasable","13":"product-type-simple"},"_links":{"self":[{"href":"https:\/\/www.todoelderecho.com.ar\/campus\/wp-json\/wp\/v2\/product\/73637","targetHints":{"allow":["GET"]}}],"collection":[{"href":"https:\/\/www.todoelderecho.com.ar\/campus\/wp-json\/wp\/v2\/product"}],"about":[{"href":"https:\/\/www.todoelderecho.com.ar\/campus\/wp-json\/wp\/v2\/types\/product"}],"wp:featuredmedia":[{"embeddable":true,"href":"https:\/\/www.todoelderecho.com.ar\/campus\/wp-json\/wp\/v2\/media\/73632"}],"wp:attachment":[{"href":"https:\/\/www.todoelderecho.com.ar\/campus\/wp-json\/wp\/v2\/media?parent=73637"}],"wp:term":[{"taxonomy":"product_brand","embeddable":true,"href":"https:\/\/www.todoelderecho.com.ar\/campus\/wp-json\/wp\/v2\/product_brand?post=73637"},{"taxonomy":"product_cat","embeddable":true,"href":"https:\/\/www.todoelderecho.com.ar\/campus\/wp-json\/wp\/v2\/product_cat?post=73637"},{"taxonomy":"product_tag","embeddable":true,"href":"https:\/\/www.todoelderecho.com.ar\/campus\/wp-json\/wp\/v2\/product_tag?post=73637"}],"curies":[{"name":"wp","href":"https:\/\/api.w.org\/{rel}","templated":true}]}}